or of 190413?
False
Is 128340 a multiple of 35?
False
Is 74745 a multiple of 151?
True
Is 296 a factor of 361120?
True
Does 127 divide 11510460?
False
Is 126528 a multiple of 48?
True
Is 3069436 a multiple of 178?
False
Is 82560 a multiple of 128?
True
Is 5 a factor of 196058?
False
Is 16 a factor of 3531792?
True
Does 89 divide 1345189?
False
Is 137 a factor of 931354?
False
Is 39 a factor of 35412?
True
Does 32 divide 109344?
True
Is 388 a factor of 898996?
True
Is 44 a factor of 3017432?
True
Does 318 divide 5782242?
False
Is 424364 a multiple of 31?
False
Is 2092014 a multiple of 10?
False
Does 3 divide 3986?
False
Does 33 divide 75240?
True
Does 65 divide 215995?
True
Is 17235 a multiple of 16?
False
Is 2050404 a multiple of 69?
True
Does 866 divide 2501720?
False
Is 89 a factor of 161802?
True
Is 483 a factor of 1609355?
False
Is 28 a factor of 15373408?
False
Is 87 a factor of 1325967?
True
Does 128 divide 653312?
True
Is 533 a factor of 10610684?
False
Is 90 a factor of 54450?
True
Does 24 divide 6203749?
False
Is 319 a factor of 424270?
True
Is 498403 a multiple of 30?
False
Is 225126 a multiple of 18?
True
Is 4013128 a multiple of 1508?
False
Does 626 divide 238506?
True
Does 884 divide 299619?
False
Does 21 divide 618366?
True
Is 19 a factor of 28470?
False
Is 2667979 a multiple of 285?
False
Is 5957160 a multiple of 66?
True
Is 1984480 a multiple of 628?
True
Does 24 divide 4659?
False
Is 80876 a multiple of 8?
False
Is 135015 a multiple of 55?
False
Is 35 a factor of 3189950?
False
Does 28 divide 511700?
True
Does 556 divide 139000?
True
Is 395612 a multiple of 142?
True
Is 2 a factor of 86622?
True
Is 5614 a multiple of 7?
True
Does 7 divide 504399?
True
Is 129 a factor of 182197?
False
Does 1371 divide 6926194?
False
Is 1119888 a multiple of 9?
True
Is 5 a factor of 17715?
True
Is 977 a factor of 1609119?
True
Is 1274320 a multiple of 170?
True
Does 61 divide 1478396?
True
Does 310 divide 299391?
False
Is 10 a factor of 1352730?
True
Does 821 divide 701562?
False
Is 743 a factor of 5870641?
False
Is 56 a factor of 860496?
True
Does 11 divide 71313?
True
Is 57 a factor of 18696?
True
Is 20296560 a multiple of 30?
True
Is 16068737 a multiple of 14?
False
Is 48790 a multiple of 41?
True
Is 795531 a multiple of 11?
True
Does 78 divide 169602?
False
Does 307 divide 139866?
False
Is 13414530 a multiple of 17?
True
Is 14 a factor of 241721?
False
Is 2685748 a multiple of 377?
True
Is 3196542 a multiple of 7?
False
Is 392 a factor of 3139578?
False
Does 34 divide 54808?
True
Does 890 divide 5960472?
False
Is 3593 a multiple of 75?
False
Is 32496 a multiple of 7?
False
Is 51 a factor of 47685?
True
Does 15 divide 1424415?
True
Does 115 divide 157755?
False
Does 1356 divide 2870652?
True
Is 3831328 a multiple of 134?
True
Does 37 divide 4131360?
False
Is 231210 a multiple of 734?
True
Is 21 a factor of 280434?
True
Is 312818 a multiple of 59?
True
Is 11 a factor of 2199738?
False
Does 122 divide 255346?
True
Does 33 divide 21283?
False
Is 14 a factor of 19177721?
False
Does 156 divide 117312?
True
Does 97 divide 974280?
False
Does 159 divide 155820?
True
Is 14 a factor of 8330?
True
Is 536 a factor of 1500101?
False
Does 69 divide 200307?
True
Does 138 divide 117990?
True
Is 287 a factor of 44143?
False
Does 522 divide 1398740?
False
Does 85 divide 983875?
True
Does 200 divide 199800?
True
Is 3 a factor of 696642?
True
Is 1136365 a multiple of 29?
True
Does 18 divide 509814?
True
Is 10637536 a multiple of 112?
True
Is 479 a factor of 862200?
True
Does 649 divide 3287759?
False
Does 181 divide 84045?
False
Is 241471 a multiple of 182?
False
Does 432 divide 8640?
True
Is 32669 a multiple of 91?
True
Is 16716 a multiple of 42?
True
Does 13 divide 578552?
True
Does 23 divide 2009010?
False
Is 178 a factor of 2128168?
True
Is 54808 a multiple of 52?
True
Is 44 a factor of 8276884?
True
Is 533978 a multiple of 313?
True
Is 1638059 a multiple of 184?
False
Is 13 a factor of 12503739?
False
Does 309 divide 9720?
False
Does 13 divide 818610?
True
Is 150 a factor of 1207950?
True
Is 166110 a multiple of 11?
False
Does 13 divide 7692557?
False
Is 84784 a multiple of 202?
False
Is 11207042 a multiple of 77?
True
Does 7 divide 365833?
False
Is 63993 a multiple of 173?
False
Is 2802160 a multiple of 20?
True
Does 277 divide 18282?
True
Is 28 a factor of 617499?
False
Is 27343829 a multiple of 34?
False
Is 749690 a multiple of 10?
True
Is 13274448 a multiple of 11?
True
Does 26 divide 223623?
False
Is 11 a factor of 6215099?
True
Does 78 divide 45552?
True
Does 28 divide 854343?
False
Does 25 divide 1988525?
True
Is 1892703 a multiple of 181?
False
Does 9 divide 519444?
True
Is 35 a factor of 21331?
False
Is 24 a factor of 4810056?
True
Is 243040 a multiple of 217?
True
Is 4 a factor of 198173?
False
Does 1051 divide 3612287?
True
Does 488 divide 625067?
False
Does 162 divide 711583?
False
Is 125 a factor of 464875?
True
Is 7 a factor of 137574?
False
Does 35 divide 2727377?
False
Is 7 a factor of 1995294?
True
Is 1170120 a multiple of 49?
True
Does 11 divide 80278?
True
Does 6 divide 3085620?
True
Is 673 a factor of 15435807?
False
Does 7 divide 5515314?
True
Is 29280 a multiple of 160?
True
Is 701391 a multiple of 113?
True
Does 5 divide 4188509?
False
Does 15 divide 3319680?
True
Is 5891625 a multiple of 225?
True
Does 8 divide 240784?
True
Does 686 divide 1898872?
False
Does 6 divide 15848?
False
Does 90 divide 120271?
False
Is 173 a factor of 235972?
True
Is 24 a factor of 159408?
True
Is 8000895 a multiple of 35?
True
Is 756624 a multiple of 33?
True
Does 24 divide 398448?
True
Is 341146 a multiple of 13?
True
Is 6440206 a multiple of 5?
False
Is 26273 even?
False
Is 106968 a multiple of 7?
False
Does 160 divide 1505559?
False
Is 49012 a multiple of 19?
False
Is 980325 a multiple of 75?
True
Is 1090791 a multiple of 9?
True
Does 13 divide 554554?
True
Is 226 a factor of 1110557?
False
Does 22 divide 1221924?
True
Is 101527 a multiple of 38?
False
Is 7 a factor of 95518?
False
Does 174 divide 7073?
False
Is 782496 a multiple of 143?
True
Is 12 a factor of 44327?
False
Does 167 divide 2271857?
False
Is 117 a factor of 7628139?
False
Is 42677 a multiple of 2?
False
Is 1768340 a multiple of 85?
True
Does 18 divide 36235?
False
Is 6 a factor of 2750?
False
Does 5 divide 125128?
False
Is 6640773 a multiple of 208?
False
Does 120 divide 265112?
False
Is 34678440 a multiple of 18?
True
Is 1584857 a multiple of 38?
False
Does 13 divide 424211?
False
Is 89050 a multiple of 26?
True
Does 15 divide 42694?
False
Does 54 divide 101142?
True
Is 2090295 a multiple of 87?
False
Does 94 divide 18649700?
False
Is 14 a factor of 6959614?
False
Does 153 divide 3840455?
False
Does 13 divide 1937121?
False
Is 307818 a multiple of 349?
True
Does 178 divide 119438?
True
Does 94 divide 84470?
False
Is 332776 a multiple of 59?
False
Is 12850272 a multiple of 216?
True
Is 18 a factor of 1038492?
True
Is 58 a factor of 786364?
True
Does 32 divide 280592?
False
Is 1033 a factor of 371468?
False
Is 3915984 a multiple of 16?
True
Does 507 divide 536049?
False
Does 211 divide 5099668?
False
Is 462 a factor of 7303064?
False
Is 19387577 a multiple of 59?
True
Is 698 a factor of 2254171?
False
Does 8 divide 1193709?
False
Does 22 divide 7522261?
False
Does 103 divide 11770840?
True
Is 4 a factor of 1351174?
False
Is 9 a factor of 2949647?
False
Does 193 divide 1200653?
True
Is 736 a factor of 97152?
True
Is 78 a factor of 168714?
True
Is 573 a factor of 475320?
False
Is 158 a factor of 1827112?
True
Is 631 a factor of 531933?
True
Is 175 a factor of 225575?
True
Does 540 divide 1179900?
True
Is 813400 a multiple of 200?
True
Does 53 divide 130380?
True
Is 15841303 a multiple of 208?
False
Does 180 divide 151616?
False
Does 1617 divide 7166746?
False
Is 448090 a multiple of 162?
False
Does 156 divide 18320?
False
Is 50 a factor of 66631?
False
Does 25 divide 81530?
False
Is 155 a factor of 276210?
True
Is 116 a factor of 429584?
False
Does 19 divide 1081202?
False
Does 38 divide 8862284?
True
Is 77 a factor of 3973134?
False
Is 25 a factor of 8294646?
False
Is 461332 a multiple of 10?
False
Is 302978 a multiple of 14?
False
Is 15 a factor of 147540?
True
Is 4117960 a multiple o